8*h + 2056 - 2048 + 2*h**w + 10*h**2. Determine z(11).
-25
Let f = -1 + 1. Suppose -z = -g - 4, -g + 3*z - 6 = -f*z. Let k(n) = -3*n**3 + 4*n**3 - 20*n - 26*n + 67*n - 20*n + 4*n**2 - 1. Give k(g).
5
Let m = -58 - -61. Suppose m*t - 5*d = 2*t + 25, t + 2*d + 3 = 0. Suppose -t*h + 4 = -3*k + 7, h - 3 = -3*k. Let w(s) = -2*s + 1. Calculate w(k).
-1
Let p be 3/(-4) - 1/4. Suppose -t - 11*z + 9*z = -25, -3*t + 2*z + 75 = 0. Let r(s) = -1 + t*s + 1 - 11*s - 13*s. Determine r(p).
-1
Let d = -199 + 208. Let i(l) = -d + 5*l - 21*l + 7*l + 8*l. Give i(-5).
-4
Let b(g) be the second derivative of g**4/3 - 17*g**3/6 - 33*g**2/2 - 3877*g. Give b(7).
44
Let a(l) = 2*l - 25. Let k(y) = -33*y + 7. Let q(x) = 6*a(x) + k(x). Give q(-7).
4
Let l(g) be the first derivative of -g**3/3 + 6*g**2 - 4*g - 1137. Calculate l(9).
23
Let a(o) = -7*o**2 - 42*o + 11. Let w(s) = 20*s**2 + 118*s - 32. Let f(n) = 17*a(n) + 6*w(n). Give f(6).
-5
Suppose 0 = o + o - 4. Let r(h) = 0*h**2 + h - 2*h**2 - o*h**2 + 3 + h**3. Let x be (5 - (30 - 37))*(6/(-8) - -1). Calculate r(x).
-3
Let b(s) = -s**3 + 7*s**2 - 10*s + 26. Let v be b(6). Let i(t) = -6 + 7*t + 125*t**2 - 248*t**2 + 122*t**v. Give i(5).
4
Let o = 46 + 12. Let v = -67 + o. Let b(s) = -s**2 - 9*s + 3. Determine b(v).
3
Let l(s) = -s**3 + 5*s**2 + 4*s - 5. Let z = -191 - -193. Suppose z*q = 3*h + 1, 0 = 5*h - 22 + 7. Give l(q).
15
Let c(n) = n**3 - 4*n**2 - 5*n - 1. Let z = -146 + 156. Suppose z*i + 65 = 23*i. Determine c(i).
-1
Let v = -4 - -3. Let i(w) = 5 + 114*w - 113*w - 5 + 2*w**2. Let y be i(v). Let x(b) = 6*b - 1. What is x(y)?
5
Let f(w) be the second derivative of 7*w**3/6 - 13*w**2/2 - 3*w - 6. Let i(l) = -15*l + 28. Let j(o) = -13*f(o) - 6*i(o). Determine j(-4).
5
Let t(g) = -g. Let w be t(-7). Let x(z) = 2*z + 5 + z - 6 - w*z. Let q be (5/(-10))/((-1)/(-8)). What is x(q)?
15
Let z(h) = 25 + 23 + 2 - 25*h + 18 + 24. What is z(4)?
-8
Let r(g) = -15*g**3 + 11*g**2 - 77*g - 17. Let v(j) = 7*j**3 - 5*j**2 + 36*j + 8. Let o(f) = 6*r(f) + 13*v(f). What is o(3)?
56
Let b(p) = 72 + 78 - p - 145 - 16*p. Determine b(5).
-80
Suppose -2*f = -4*w - 128, -w = -5*w. Suppose 2*k + 14*k = 1120. Let h = f - k. Let c(y) = y**3 + 5*y**2 - 5*y - 2. Determine c(h).
-8
Let j(p) be the second derivative of 1/3*p**3 - 3*p**2 - 79*p + 0. Suppose 0 = -4*m + 2 + 22. Calculate j(m).
6
Let s(n) = n - 11. Let t = -66 + 66. Suppose -3*y - 3 = t, -o = -y - y - 2. What is s(o)?
-11
Suppose -7*b + 2725 - 2746 = 0. Let a(i) = 1. Let w(g) = g - 4. Let m(o) = -4*a(o) - w(o). What is m(b)?
3
Let p(b) = -2*b**2 + 12*b - 13. Let v be 498/102 + 0 - (-8)/68. Determine p(v).
-3
Let y(u) be the third derivative of u**4/4 + u**2. Suppose -2*p = 4*f + 16, -51*f = 3*p - 68*f - 45. Give y(p).
-12
Let x(d) = d**3 + 7*d**2 + 5*d + 1. Let k be 1/(18/4) - (-13675)/225. Let y = k + -67. What is x(y)?
7
Suppose 0 = 7*y + 3*y + 1270. Let w = y - -127. Let d(z) be the first derivative of -z**3/3 - 25*z - 4. Calculate d(w).
-25
Let g(p) = -2*p + 3. Let b = 1708 - 996. Let r = b + -709. Determine g(r).
-3
Let h(x) = 5*x - 16. Suppose 3*k + 50*c = 46*c + 8, 0 = -2*k - 3*c + 5. Determine h(k).
4
Let v(c) = 3 + 7 - c + 9 - 29 + 9. Suppose -5*y = 2*u - 13, 0 = -4*u - 2*y + y - 19. Calculate v(u).
5
Let m be 46*(-1)/6*-3*-2. Let p = m - -54. Suppose -6*q = 38 - p. Let g(b) = -2*b - 4. Give g(q).
6
Let h = -244 + 194. Let q be h/(-13) + (5 - 252/52). Let j(t) = -t**3 + 2*t**2 + 5*t + 2. What is j(q)?
-10
Let u(b) = -25*b + 9462*b**3 - 9463*b**3 + 10 + 23*b + 5*b**2. Suppose -q - q = -g - 7, 3*q - 5*g = 0. What is u(q)?
0
Let q = 39 - -303. Let j = 356 - q. Let x(o) = o**3 - 13*o**2 - 12*o - 27. Give x(j).
1
Let f be (-6)/9 + (-8)/(-3). Suppose -f*n = 11 - 1. Let j(o) = -o + 10. Let m(y) = 9. Let w(d) = 3*j(d) - 4*m(d). What is w(n)?
9
Suppose a - x = 9, -a - 90 = -5*x - 91. Let l(d) = 6*d**2 + 17 - 27 - 27*d**2 + a - 36*d**2. What is l(1)?
-56
Let u(n) be the first derivative of 5*n**2/2 - n + 61. Let w(p) = 12*p - 1. Let z(j) = -7*u(j) + 3*w(j). Determine z(-7).
-3
Suppose -2*h + 4*k + k - 106 = 0, 5*k - 10 = 0. Let s = h + 45. Let m be 2*2/(12/s). Let x(v) = v. Calculate x(m).
-1
Let x = 8921 - 8917. Let d(j) be the second derivative of 25*j + 9/2*j**2 + 0 - 1/6*j**3 - 1/12*j**x. Give d(0).
9
Let j(t) = t**3 - 5*t**2 - 6*t + 6. Let o(k) = -k - 12. Let g be o(-12). Suppose g = 3*z + 4*z - 14. Let l be -7 + (-371)/(-28) + z/(-8). What is j(l)?
6
Let r(q) = 21*q**2 + 3*q - 27. Let f(w) = -8*w**2 - w + 10. Let p(x) = 8*f(x) + 3*r(x). Calculate p(4).
-13
Let b(x) = -x**2 + 13*x. Let v be ((-2)/(-8)*2)/(((-1)/26)/(-1)). Give b(v).
0
Let q(j) = -j**3 + 13*j**2 - 40*j - 12. Suppose 4*u - 36 = -242*r + 238*r, -3*r - 15 = -4*u. What is q(u)?
0
Let n(p) = -3 + 0 + 16*p**2 - p**3 - 24*p**2 + 1. Give n(-8).
-2
Suppose -2*g = -4*x - 18, 0 = 3*x + 3*g - 59 + 104. Let w(h) = h**3 + 5*h**2 - 23*h - 27. Determine w(x).
-35
Suppose 0 = -5*o, -o + 3 = 3*f - 0*o. Let y(r) = -f + 5*r**2 - 8*r - 3*r**2 - 3*r**2 - r. Let i be (42/(-18))/(3/9). What is y(i)?
13
Let g(o) = -4*o + 7. Suppose 0 = -2*v + 3*w + 119, v - 3*v - 2*w = -104. Let j = v + -16. Suppose -j = -8*k + 1. What is g(k)?
-13
Let t be 5 + (3/(-45))/((-13)/(-65))*9. Let s(x) be the second derivative of x**5/20 + x**4/12 - x**3/6 - x**2 + x. Determine s(t).
8
Let x(m) = m + 10. Let a be x(-2). Suppose 9*d + 4*h = 6*d + 7, -4*h - a = 0. Suppose -6 - 4 = -5*u, u = d*g + 37. Let f(p) = p**2 + 8*p - 1. Calculate f(g).
-8
Let t(q) = q**2 + 13*q + 4. Let s be -8 - (-10)/10 - (2 - -3). Determine t(s).
-8
Let h(l) be the first derivative of l**5/10 - l**4/6 + l**3/3 - l**2/2 + 87*l + 14. Let c(a) be the first derivative of h(a). Give c(1).
1
Let f(u) = u**2 - 14*u + 1. Let m(d) = -d**3 + 53*d**2 - 43*d - 456. Let y be m(52). Give f(y).
-23
Let u(b) = 232 - 483*b + 509*b - 235. Give u(-2).
-55
Let m(q) = -5*q**3 + q**2 + 3*q + 3. Let v(c) = 4*c**3 - 2*c**2 - 4*c - 3. Let x(d) = 5*m(d) + 6*v(d). Suppose 183*z + 649 = -449. What is x(z)?
15
Suppose 4*x - 2*l + 16 = 24, -12 = 2*x + 3*l. Let k(s) = 5*s + 0 - 4*s + 0*s**2 - s**2 - 4. What is k(x)?
-4
Suppose 3*i = -0*i + 33. Let o(c) be the second derivative of c**5/120 - c**4/3 - 35*c**3/6 + 42*c. Let l(s) be the second derivative of o(s). Determine l(i).
3
Let t(n) be the first derivative of -n**5/10 + n**3/6 + 4*n + 52. Let x(z) be the first derivative of t(z). Calculate x(-1).
1
Let i(a) = 4*a - 6. Let m(b) = -23*b + 41. Let f(v) = 5*i(v) + m(v). Calculate f(-6).
29
Let g(s) be the second derivative of -s**4/3 + 4*s**3/3 - 25*s**2 + 11435*s. Give g(4).
-82
Suppose 27 = -h + 2*g, -3*g - 82 = 4*h - 2*h. Let b be 2/(-5) + (-189)/h + -2. Let d(y) = -1 - 3*y + b*y**2 - 9*y**2 + 7*y**2. Calculate d(3).
-1
Let g(q) be the third derivative of 0*q + 0*q**3 - 34*q**2 - 1/3*q**4 + 0. What is g(5)?
-40
Let y(g) = -2*g**2 + 30*g + 71. Let a(m) = m**3 + 18*m - 27. Let d be a(2). What is y(d)?
3
Let r(z) be the third derivative of z**4/8 + 53*z**3/6 + 77*z**2 + 9. Determine r(-18).
-1
Let t = -202 - -213. Suppose 7*y = t - 74. Let z(d) = d + 8. Give z(y).
-1
Let j(d) = -4*d**2 + 5*d + 2. Let v = 441 + -417. Suppose 0 = 146*h - 140*h - v. Determine j(h).
-42
Let b = -19 - -22. Suppose 2*u + 9 - b = 2*q, -3*q = 5*u - 1. Let w(f) be the second derivative of 7*f**4/6 + f**2/2 + 4*f. Calculate w(u).
15
Let t = -13871 + 13872. Let k(r) = -35*r + 32. What is k(t)?
-3
Let x(d) = 9*d**3 - d**2 - 2*d - 1. Let c(b) = 14*b - 253. Let s = -431 - -449. Let f be c(s). What is x(f)?
-9
Let p(f) = f**2 + 14*f - 1. Let t(x) = 6*x**2 + 98*x + 41. Let y(v) = -7*p(v) + t(v). What is y(-7)?
-1
Let k be (1*4)/(-15 - -17). Let v(n) = -3 + n**2 + 4*n**2 + 6*n**2 + 3*n + 0*n**2 - 19*n**k. What is v(2)?
-29
Let a(z) = 2*z**2 + 30*z - 30. Let w be a(-22). Let s = 271 - w. Let l(f) = -2*f + 2. Give l(s).
16
Let z(p) be the second derivative of 1/2*p**2 + 3/2*p**3 - p + 0. Suppose 14*h = 10*h - 3*k + 26, 2*h - 148 = -15*k. Calculate z(h).
-8
Let o(r) be the second derivative of r**5/20 + r**4/2 + 5*r**3/6 - 3*r**2/2 - 117*r. Suppose -i - 4*x = 1, 8*i - x = 4*i - 21. Calculate o(i).
-3
Let x(w) = -w**3 + w**2 + 2*w - 1. Let k(m) = -5*m**3 + 16*m**2 - 3*m - 9. Let j = -617 - -616. Let a(v) = j*k(v) + 4*x(v). Give a(11).
5
Suppose -5*t -